{"id":36,"date":"2014-09-10T16:43:54","date_gmt":"2014-09-10T20:43:54","guid":{"rendered":"http:\/\/demo.themesuite.com\/automotive-wp\/?page_id=36"},"modified":"2019-01-28T14:53:32","modified_gmt":"2019-01-28T13:53:32","slug":"about-us","status":"publish","type":"page","link":"https:\/\/www.hipfl-walli.at\/hipfl-walli\/?page_id=36","title":{"rendered":"\u00dcber uns"},"content":{"rendered":"<p>[vc_row css=&#8220;.vc_custom_1410984521013{margin-bottom: 0px !important;}&#8220; el_class=&#8220;margin-bottom-none padding-bottom-40&#8243;][vc_column width=&#8220;8\/12&#8243;][vc_column_text css_animation=&#8220;appear&#8220;]<\/p>\n<h3>\u00dcBERSCHRIFT<\/h3>\n<p>[\/vc_column_text][vc_column_text el_class=&#8220;padding-bottom-30 &#8222;]<span class='firstcharacter'>I<\/span>m Dezember 2015 wurde die Hannes Walli e.U. neu \u00fcbernommen und ist seither als die Hipfl &amp; Walli GmbH &amp; Co KG in Kilb als freie Werkst\u00e4tte t\u00e4tig.<\/p>\n<p><a href=\"https:\/\/www.hipfl-walli.at\/hipfl-walli\/hipfl-walli\/wp-content\/uploads\/2014\/09\/DJI00076_web.jpg\"><img loading=\"lazy\" decoding=\"async\" class=\"size-medium wp-image-1080 alignleft\" src=\"https:\/\/www.hipfl-walli.at\/hipfl-walli\/hipfl-walli\/wp-content\/uploads\/2014\/09\/DJI00076_web-300x284.jpg\" alt=\"DJI00076_web\" width=\"300\" height=\"284\" srcset=\"https:\/\/www.hipfl-walli.at\/hipfl-walli\/wp-content\/uploads\/2014\/09\/DJI00076_web-300x284.jpg 300w, https:\/\/www.hipfl-walli.at\/hipfl-walli\/wp-content\/uploads\/2014\/09\/DJI00076_web.jpg 500w\" sizes=\"(max-width: 300px) 100vw, 300px\" \/><\/a><\/p>\n<p><u>Folgende Leistungen bieten wir an:<\/u><\/p>\n<ul>\n<li>Die Gesetzlich vorgeschriebene \u00a757a \u00dcberpr\u00fcfung (\u201ePickerl\u201c) f\u00fcr alle Fahrzeuge und Anh\u00e4nger.<\/li>\n<li>Die Gesetzlich vorgeschriebene \u00dcberpr\u00fcfung laut \u00a724 u. \u00a724a (Fahrtenschreiber)<\/li>\n<li>Service f\u00fcr alle Fahrzeuge, egal ob PKW oder LKW<\/li>\n<li>Reifen wechseln mit Reifenhotel<\/li>\n<li>Reparaturen aller Art &#8211; egal ob Steinschlag, neue Windschutzscheibe, Bremsen oder ein Radlager bei uns wird fast alles repariert.<\/li>\n<li>Direktverrechnung mit Ihrer Versicherung im Schadensfall<\/li>\n<li>24h Pannenhilfe<\/li>\n<\/ul>\n<p>&nbsp;<\/p>\n<p>Seit November 2018 d\u00fcrfen wir uns \u00fcber das zus\u00e4tzliche Service eines DPD-Paketshops freuen.<br \/>\nBei uns ist es daher m\u00f6glich Pakete mit DPD zu versenden bzw. auch Pakete die hinterlegt wurden w\u00e4hrend unserer \u00d6ffnungszeiten abzuholen.<\/p>\n<p>Unser Top ausgebildetes und motiviertes Team freut sich auf Ihren Besuch!<\/p>\n<p>[\/vc_column_text][\/vc_column][vc_column width=&#8220;4\/12&#8243;][vc_column_text css_animation=&#8220;right-to-left&#8220;]<\/p>\n<h3>DAS SIND UNSERE ST\u00c4RKEN<\/h3>\n<p>[\/vc_column_text]<div class=\"progressbar\"><div class=\"progress margin-bottom-15\"><div class=\"progress-bar progress-bar-danger\" style=\";\" data-width=\"100%\">PKW Reparatur<\/div><\/div><\/div><div class=\"progressbar\"><div class=\"progress margin-bottom-15\"><div class=\"progress-bar progress-bar-danger\" style=\";\" data-width=\"100%\">LKW Reparatur<\/div><\/div><\/div><div class=\"progressbar\"><div class=\"progress margin-bottom-15\"><div class=\"progress-bar progress-bar-danger\" style=\";\" data-width=\"90%\">Reperatur von Unfallsch\u00e4den<\/div><\/div><\/div><div class=\"progressbar\"><div class=\"progress margin-bottom-15\"><div class=\"progress-bar progress-bar-danger\" style=\";\" data-width=\"85%\">Reperatur ihrer Windschutzscheibe<\/div><\/div><\/div><div class=\"progressbar\"><div class=\"progress margin-bottom-15\"><div class=\"progress-bar progress-bar-danger\" style=\";\" data-width=\"70%\">24h Pannendienst<\/div><\/div><\/div><div class=\"progressbar\"><div class=\"progress margin-bottom-15\"><div class=\"progress-bar progress-bar-danger\" style=\";\" data-width=\"80%\">R\u00e4derwechsel inkl. Einlagerung<\/div><\/div><\/div><div class=\"progressbar\"><div class=\"progress margin-bottom-15\"><div class=\"progress-bar progress-bar-danger\" style=\";\" data-width=\"60%\">Renndienst<\/div><\/div><\/div><div class=\"progressbar\"><div class=\"progress margin-bottom-15\"><div class=\"progress-bar progress-bar-danger\" style=\";\" data-width=\"100%\">\u00a757a Pickerl\u00fcberpr\u00fcfung f\u00fcr alle Fahrzeuge<\/div><\/div><\/div><div class=\"progressbar\"><div class=\"progress margin-bottom-15\"><div class=\"progress-bar progress-bar-danger\" style=\";\" data-width=\"50%\">Motorrad Reparatur<\/div><\/div><\/div>[\/vc_column][\/vc_row][vc_row css=&#8220;.vc_custom_1410984526043{margin-bottom: 0px !important;}&#8220; el_class=&#8220;margin-bottom-none padding-bottom-40 margin-top-30&#8243;][vc_column width=&#8220;4\/12&#8243;][vc_column_text]<\/p>\n<h3>WARUM GERADE WIR?<\/h3>\n<p>[\/vc_column_text]<ul class='shortcode type-arrows padding-bottom-40'><li><span class=\"red_box\"><i class='fa fa-angle-right'><\/i><\/span>Top motiviertes Team<\/li><li><span class=\"red_box\"><i class='fa fa-angle-right'><\/i><\/span>Pers\u00f6nliche Betreuung<\/li><li><span class=\"red_box\"><i class='fa fa-angle-right'><\/i><\/span>Neueste Werkstattausstattung<\/li><li><span class=\"red_box\"><i class='fa fa-angle-right'><\/i><\/span>Neue Pr\u00fcfhalle f\u00fcr PKW + LKW<\/li><li><span class=\"red_box\"><i class='fa fa-angle-right'><\/i><\/span>Rasche Abwicklung<\/li><li><span class=\"red_box\"><i class='fa fa-angle-right'><\/i><\/span>Faire Preise<\/li><\/ul>[\/vc_column][vc_column width=&#8220;3\/12&#8243; el_class=&#8220;padding-bottom-40&#8243;][vc_column_text]<\/p>\n<h3>ERFAHRUNGSBERICHTE<\/h3>\n<p>[\/vc_column_text]<div class=''><!--Testimonials Start--><div class='testimonial'><ul class=\"testimonial_slider\"><li><blockquote class='style1'><span>02:00 Uhr Fr\u00fch, unser mit Tiefk\u00fchlwaren beladener LKW hatte eine Reifenpanne auf der Autobahn. Hr Hipfl machte sich sofort auf den Weg zu unserem LKW und montierte den defekten Reifen ab und einen neuen auf. Bereits 60 Minuten nach dem Anruf konnte unser Fahrer seine Fahrt fortsetzen und wir unsere Ware noch fristgerecht ausliefern! <\/span><strong>Firma K, 2100 Stockerau<\/strong> <\/blockquote><\/li><li><blockquote class='style1'><span>Wir hatten mit unserem BMW bei der Fahrt in den Urlaub eine Panne auf der Autobahn in der N\u00e4he von Loosdorf. Ich suchte im Internet nach einer kompetenten Werkst\u00e4tte in der N\u00e4he und kontaktierte Firma Hipfl &amp; Walli. Der Techniker diagnostizierte eine defekte Lichtmaschine und k\u00fcmmerte sich sofort um die Bestellung der Ersatzteile und den Einbau. Wir verloren lediglich 1,5h und zu unserem Entsetzen passte auch der Preis, es gibt also doch noch ehrliche Werkst\u00e4tten, DANKE! <\/span><strong>Ralf + Familie, Deutschland<\/strong> <\/blockquote><\/li><li><blockquote class='style1'><span>Am Sonntagmorgen, am Weg zur Taufe unserer Tochter, kam es wie es kommen muss, unsere Batterie versagte den Dienst. Herr Hipfl war bereits 20 Minuten sp\u00e4ter bei uns und hatte sogar schon eine passende Neue dabei. Diese wurde prompt Eingebaut und unser Tag gerettet.<\/span><strong>Manfred, 3233 Kilb<\/strong> <\/blockquote><\/li><li><blockquote class='style1'><span>Einfach nur Top! Die Techniker sind immer prompt Vor-Ort um unsere Ausfallzeiten so kurz wie m\u00f6glich zu halten. <\/span><strong>Firma L., 3100 St.P\u00f6lten<\/strong> <\/blockquote><\/li><li><blockquote class='style1'><span>Ich Besuchte insgesamt 5 verschiedene Werkst\u00e4tten die den ESP-Fehler an meinem Audi nicht fanden. Fa. Hipfl &amp; Walli fand den Fehler in einer verstellten Spur, stellte die Spur richtig ein und das Problem war behoben. Die Kosten: 70\u20ac! <\/span><strong>Markus, 3390 Melk<\/strong> <\/blockquote><\/li><li><blockquote class='style1'><span>Nach einem Wildschaden holte Fa. Hipfl &amp; Walli mein Fahrzeug noch in der gleichen Nacht ab, k\u00fcmmerte sich um die Schadensabwicklung mit der Versicherung und bereits 3 Tage sp\u00e4ter konnte ich mein Fahrzeug abholen.<\/span><strong>Herr S., 3233 Kilb<\/strong> <\/blockquote><\/li><li><blockquote class='style1'><span>Wir wollten uns gerade auf den Weg in unseren Sommerurlaub machen, als meine Frau bemerkte, dass bei unserem Wohnwagen das Pickerl abgelaufen war. Ich kontaktierte Herrn Hipfl, der sich trotz einer vollen Werkstatt, Zeit f\u00fcr die \u00dcberpr\u00fcfung unseres Fahrzeuges nahm. Der Schrecken hatte aber noch kein Ende, es wurde ein Schaden an den Bremsen festgestellt, der jedoch auf Grund des umfangreichen Ersatzteillagers, gleich repariert werden konnte und wir mit einem guten Gef\u00fchl in den Urlaub starten konnten.<\/span><strong>Max + Maria, 3382 Loosdorf<\/strong> <\/blockquote><\/li><\/ul><\/div><!--Testimonials End--><div class='clearfix'><\/div><\/div>[\/vc_column][\/vc_row][vc_row el_class=&#8220;fullwidth_element bottom_element margin-top-30&#8243;][vc_column]<div class='contact google_map_init ' data-longitude='15.406526606529951' data-latitude='48.10534215958895' data-zoom='8' style='height: 390px;' data-style='[{\"featureType\":\"landscape\",\"elementType\":\"labels\",\"stylers\":[{\"visibility\":\"off\"}]},{\"featureType\":\"transit\",\"elementType\":\"labels\",\"stylers\":[{\"visibility\":\"off\"}]},{\"featureType\":\"poi\",\"elementType\":\"labels\",\"stylers\":[{\"visibility\":\"off\"}]},{\"featureType\":\"water\",\"elementType\":\"labels\",\"stylers\":[{\"visibility\":\"off\"}]},{\"featureType\":\"road\",\"elementType\":\"labels.icon\",\"stylers\":[{\"visibility\":\"off\"}]},{\"stylers\":[{\"hue\":\"#F0F0F0\"},{\"saturation\":-100},{\"gamma\":2.15},{\"lightness\":12}]},{\"featureType\":\"road\",\"elementType\":\"labels.text.fill\",\"stylers\":[{\"visibility\":\"on\"},{\"lightness\":24}]},{\"featureType\":\"road\",\"elementType\":\"geometry\",\"stylers\":[{\"lightness\":57}]}]' data-scroll='false'><\/div>[\/vc_column][\/vc_row]<\/p>\n","protected":false},"excerpt":{"rendered":"<p>[vc_row css=&#8220;.vc_custom_1410984521013{margin-bottom: 0px !important;}&#8220; el_class=&#8220;margin-bottom-none padding-bottom-40&#8243;][vc_column width=&#8220;8\/12&#8243;][vc_column_text css_animation=&#8220;appear&#8220;]<\/p>\n<p> \u00dcBERSCHRIFT <\/p>\n<p>[\/vc_column_text][vc_column_text el_class=&#8220;padding-bottom-30 &#8222;]m Dezember 2015 wurde die Hannes Walli e.U. neu \u00fcbernommen und ist seither als die Hipfl &amp; Walli GmbH &amp; Co KG in Kilb als freie Werkst\u00e4tte t\u00e4tig.<\/p>\n<p><img loading=\"lazy\" decoding=\"async\" class=\"size-medium wp-image-1080 alignleft\" src=\"https:\/\/www.hipfl-walli.at\/hipfl-walli\/hipfl-walli\/wp-content\/uploads\/2014\/09\/DJI00076_web-300x284.jpg\" alt=\"DJI00076_web\" width=\"300\" height=\"284\" srcset=\"https:\/\/www.hipfl-walli.at\/hipfl-walli\/wp-content\/uploads\/2014\/09\/DJI00076_web-300x284.jpg 300w, https:\/\/www.hipfl-walli.at\/hipfl-walli\/wp-content\/uploads\/2014\/09\/DJI00076_web.jpg 500w\" sizes=\"(max-width: 300px) 100vw, 300px\" \/><\/p>\n<p>Folgende Leistungen bieten wir an:<\/p>\n<ul>\n<li>Die Gesetzlich vorgeschriebene \u00a757a \u00dcberpr\u00fcfung (\u201ePickerl\u201c) f\u00fcr alle Fahrzeuge und Anh\u00e4nger.<\/li>\n<li>Die Gesetzlich vorgeschriebene \u00dcberpr\u00fcfung laut \u00a724 u. \u00a724a (Fahrtenschreiber)<\/li>\n<li>Service f\u00fcr alle Fahrzeuge, egal ob PKW oder LKW<\/li>\n<li>Reifen wechseln mit Reifenhotel<\/li>\n<li>Reparaturen aller Art &#8211; egal ob Steinschlag, neue Windschutzscheibe, Bremsen oder ein Radlager bei uns wird fast alles repariert.<\/li>\n<li>Direktverrechnung mit Ihrer Versicherung im Schadensfall<\/li>\n<li>24h Pannenhilfe<\/li>\n<\/ul>\n<p>&nbsp;<\/p>\n<p>Seit November 2018 d\u00fcrfen wir uns \u00fcber das zus\u00e4tzliche Service eines DPD-Paketshops freuen.<br \/> Bei uns ist es daher m\u00f6glich Pakete mit DPD zu versenden bzw. auch Pakete die [&#8230;]<\/p>\n","protected":false},"author":4,"featured_media":0,"parent":0,"menu_order":0,"comment_status":"closed","ping_status":"closed","template":"","meta":{"footnotes":""},"_links":{"self":[{"href":"https:\/\/www.hipfl-walli.at\/hipfl-walli\/index.php?rest_route=\/wp\/v2\/pages\/36"}],"collection":[{"href":"https:\/\/www.hipfl-walli.at\/hipfl-walli\/index.php?rest_route=\/wp\/v2\/pages"}],"about":[{"href":"https:\/\/www.hipfl-walli.at\/hipfl-walli\/index.php?rest_route=\/wp\/v2\/types\/page"}],"author":[{"embeddable":true,"href":"https:\/\/www.hipfl-walli.at\/hipfl-walli\/index.php?rest_route=\/wp\/v2\/users\/4"}],"replies":[{"embeddable":true,"href":"https:\/\/www.hipfl-walli.at\/hipfl-walli\/index.php?rest_route=%2Fwp%2Fv2%2Fcomments&post=36"}],"version-history":[{"count":22,"href":"https:\/\/www.hipfl-walli.at\/hipfl-walli\/index.php?rest_route=\/wp\/v2\/pages\/36\/revisions"}],"predecessor-version":[{"id":1170,"href":"https:\/\/www.hipfl-walli.at\/hipfl-walli\/index.php?rest_route=\/wp\/v2\/pages\/36\/revisions\/1170"}],"wp:attachment":[{"href":"https:\/\/www.hipfl-walli.at\/hipfl-walli\/index.php?rest_route=%2Fwp%2Fv2%2Fmedia&parent=36"}],"curies":[{"name":"wp","href":"https:\/\/api.w.org\/{rel}","templated":true}]}}